1659790?
5
What is the thousands digit of 276417688?
7
What is the hundred thousands digit of 940455?
9
What is the hundreds digit of 286996474?
4
What is the ten thousands digit of 9842359?
4
What is the tens digit of 1074129112?
1
What is the ten millions digit of 42780231?
4
What is the hundred thousands digit of 68363207?
3
What is the thousands digit of 1076530109?
0
What is the thousands digit of 103777938?
7
What is the ten thousands digit of 53635972?
3
What is the hundred thousands digit of 335886414?
8
What is the millions digit of 940091519?
0
What is the hundred thousands digit of 14444690?
4
What is the hundred thousands digit of 569492211?
4
What is the tens digit of 154532707?
0
What is the millions digit of 246598817?
6
What is the hundreds digit of 1327133332?
3
What is the millions digit of 449077771?
9
What is the hundreds digit of 18358151?
1
What is the millions digit of 17467475?
7
What is the hundred millions digit of 987279108?
9
What is the millions digit of 29702066?
9
What is the hundreds digit of 282967937?
9
What is the hundreds digit of 1001393212?
2
What is the ten millions digit of 481441871?
8
What is the billions digit of 1175941958?
1
What is the ten thousands digit of 117867493?
6
What is the tens digit of 16094974?
7
What is the hundred thousands digit of 53332569?
3
What is the tens digit of 24894344?
4
What is the hundred millions digit of 111790895?
1
What is the millions digit of 18844761?
8
What is the units digit of 18327335?
5
What is the ten millions digit of 139644466?
3
What is the ten millions digit of 37702213?
3
What is the hundreds digit of 82486284?
2
What is the ten millions digit of 29794169?
2
What is the hundreds digit of 65296269?
2
What is the thousands digit of 344771750?
1
What is the hundreds digit of 825330177?
1
What is the tens digit of 126142753?
5
What is the hundred thousands digit of 5872933?
8
What is the ten thousands digit of 897369498?
6
What is the units digit of 1856260914?
4
What is the ten millions digit of 1386061253?
8
What is the millions digit of 22532653?
2
What is the ten thousands digit of 43920860?
2
What is the ten thousands digit of 91912125?
1
What is the ten millions digit of 230185232?
3
What is the hundred millions digit of 1276906788?
2
What is the hundred millions digit of 180512419?
1
What is the thousands digit of 99304036?
4
What is the thousands digit of 11283116?
3
What is the thousands digit of 55413601?
3
What is the hundreds digit of 2181055250?
2
What is the ten thousands digit of 4400653131?
5
What is the hundred thousands digit of 8274008929?
0
What is the hundreds digit of 226785719?
7
What is the thousands digit of 64616908?
6
What is the hundred thousands digit of 2759081074?
0
What is the hundred thousands digit of 11087647?
0
What is the hundred thousands digit of 2949028338?
0
What is the hundreds digit of 43203819?
8
What is the millions digit of 88766844?
8
What is the millions digit of 2297503618?
7
What is the billions digit of 2678071818?
2
What is the hundred millions digit of 280183022?
2
What is the tens digit of 8137838712?
1
What is the thousands digit of 64548075?
8
What is the millions digit of 36904632?
6
What is the tens digit of 166877219?
1
What is the units digit of 96308286?
6
What is the hundred thousands digit of 1083502379?
5
What is the ten thousands digit of 349676387?
7
What is the hundred thousands digit of 1312647213?
6
What is the tens digit of 6786843643?
4
What is the tens digit of 1430845566?
6
What is the ten millions digit of 601650537?
0
What is the ten millions digit of 59253314?
5
What is the ten thousands digit of 240186008?
8
What is the hundreds digit of 49318338?
3
What is the tens digit of 3033807705?
0
What is the hundred millions digit of 403860699?
4
What is the hundred thousands digit of 5086659637?
6
What is the hundred millions digit of 4377883739?
3
What is the millions digit of 491378044?
1
What is the tens digit of 154309568?
6
What is the millions digit of 1695345591?
5
What is the hundreds digit of 589224?
2
What is the units digit of 3103305343?
3
What is the millions digit of 2435065622?
5
What is the units digit of 453994623?
3
What is the tens digit of 27421742?
4
What is the ten millions digit of 111183092?
1
What is the ten millions digit of 35343960?
3
What is the hundred millions digit of 141564764?
1
What is the units digit of 769704802?
2
What is the millions digit of 183859516?
3
What is the thousands digit of 60129925?
9
What is the millions digit of 33800889?
3
What is the hundreds digit of 22503971?
9
What is the tens digit of 78580084?
8
What is the thousands digit of 8423442?
3
What is the thousands digit of 149553543?
3
What is the millions digit of 3418137?
3
What is the hundreds digit of 114882613?
6
What is the units digit of 373463672?
2
What is the ten millions digit of 1168055600?
6
What is the units digit of 42863453?
3
What is the tens digit of 777513796?
9
What is the ten millions digit of 25833632?
2
What is the units digit of 417418727?
7
What is the billions digit of 6069271099?
6
What is the thousands digit of 409909992?
9
What is the ten thousands digit of 136272150?
7
What is the units digit of 40867357?
7
What is the millions digit of 125885286?
5
What is the hundred millions digit of 1034712073?
0
What is the hundreds digit of 919262709?
7
What is the hundred millions digit of 797289731?
7
What is the hundred millions digit of 273842518?
2
What is the hundred thousands digit of 56962592?
9
What is the millions digit of 82537686?
2
What is the hundred millions digit of 131992605?
1
What is the ten thousands digit of 1889090269?
9
What is the tens digit of 387295764?
6
What is the thousands digit of 1348281175?
1
What is the hundred millions digit of 561808482?
5
What is the ten millions digit of 1678933565?
7
What is the hundred millions digit of 512913929?
5
What is the hundreds digit of 208870956?
9
What is the units digit of 32253826?
6
What is the tens digit of 471740872?
7
What is the thousands digit of 274866849?
6
What is the hundred thousands digit of 14516916?
5
What is the thousands digit of 39564127?
4
What is the thousands digit of 41330036?
0
What is the hundred millions digit of 142863165?
1
What is the millions digit of 742759669?
2
What is the ten millions digit of 73141884?
7
What is the thousands digit of 248013776?
3
What is the hundreds digit of 2166035246?
2
What is the ten thousands digit of 22594137?
9
What is the millions digit of 7063911082?
3
What is the tens digit of 415626313?
1
What is the millions digit of 96103415?
6
What is the hundreds digit of 108549748?
7
What is the units digit of 64968061?
1
What is the tens digit of 6587112?
1
What is the thousands digit of 37791946?
1
What is the units digit of 1749155846?
6
What is the thousands digit of 648154707?
4
What is the thousands digit of 145041354?
1
What is the units digit of 35315754?
4
What is the hundred thousands digit of 127330497?
3
What is the millions digit of 67647042?
7
What is the millions digit of 4736166440?
6
What is the hundred thousands digit of 48767901?
7
What is the tens digit of 42651350?
5
What is the hundreds digit of 1119523405?
4
What is the ten thousands digit of 462985221?
8
What is the thousands digit of 280404272?
4
What is the tens digit of 253077232?
3
What is the thousands digit of 9899502?
9
What is the thousands digit of 8618422?
8
What is the hundred millions digit of 360584756?
3
What is the hundreds digit of 7385794?
7
What is the thousands digit of 223513462?
3
What is the ten thousands digit of 48483366?
8
What is the hundred millions digit of 799336942?
7
What is the ten thousands digit of 228080489?
8
What is the ten millions digit of 187587666?
8
What is the hundreds digit of 280470044?
0
What is the hundreds digit of 75804892?
8
What is the hundreds digit of 32149187?
1
What is the ten millions digit of 205299580?
0
What is the units digit of 36055031?
1
What is the thousands digit of 51079794?
9
What is the hundreds digit of 58784759?
7
What is the millions digit of 61749519?
1
What is the hundreds digit of 688012724?
7
What is the tens digit of 103079588?
8
What is the ten thousands digit of 85182769?
8
What is the thousan